t k(f) = -12*f + 17. Let q(s) = -4*s + 6. Let t(h) = -4*k(h) + 11*q(h). What is t(-2)?
-10
Let w(t) be the second derivative of -t**5/20 - t**4/12 + t**3/6 + 21*t. What is w(-1)?
-1
Let a(u) = -u - 1. Let t(x) = x**2 + 8*x + 5. Let w be t(-8). Give a(w).
-6
Let h(f) = 0*f + 1 - 2*f + 0*f. Suppose -z = -4 + 1. Determine h(z).
-5
Suppose 0 = 3*m - 2*m - 1. Suppose -3*z = -13 + m. Let u(t) = t + 4. Calculate u(z).
8
Let h(r) = -2*r. Let q = -116 + 118. Determine h(q).
-4
Let c(l) = -4*l**2 - l**2 - 2*l**2 + 6*l**2. Determine c(0).
0
Suppose 5*k = 2*k + 9. Let f(z) = 2*z + 2*z**2 + 5*z - z**k - 7*z**2 + 0*z + 5. Determine f(-6).
-1
Let v(j) = j**3 - j**2 + j - 7. Let x(w) = w. Let k(d) = -v(d) + 2*x(d). Let z(y) = -y - 4. Let b be z(-4). Determine k(b).
7
Let a(x) = -x**3 + 4 - 7 - 5*x**2 - 5*x + 0. What is a(-4)?
1
Suppose -2*y + 1 = -y - 2*x, x = 3*y - 18. Suppose -4*k = -y*k. Let p(u) = u - 8 + 5 - 6. Give p(k).
-9
Let k(p) = 5*p**2 + 1 - 3*p**2 + 2*p - p**2. Let j be k(-1). Let g = -1 - j. Let r(y) = 4*y + 1. What is r(g)?
-3
Let i(u) = u. Let t(f) = -11*f + 3. Let a(b) = 4*i(b) + t(b). Suppose -4*s - 10 = -18. What is a(s)?
-11
Suppose 2*n = 5 + 7. Suppose 4 = -2*d - n. Let m(y) be the third derivative of y**6/120 + y**5/15 - 5*y**4/24 - y**3/2 - 2*y**2. Give m(d).
-3
Let q(c) = c**2 - 22*c + 4 - 3 + 11*c + 17*c. Calculate q(-6).
1
Let a(j) = -5 + 7*j + 3*j**2 - 3*j - 2*j**2. Suppose -3*p = -p. Let o = -4 - p. Give a(o).
-5
Let u(b) = -11*b**3 - 10*b**2 - 25*b + 12. Let g(l) = 5*l**3 + 5*l**2 + 12*l - 6. Let s(p) = 13*g(p) + 6*u(p). What is s(6)?
-6
Let d = -4 - -7. Suppose -4 = -d*f - 4*b, -f - 1 = f - b. Suppose 0 = -3*a - f*q + 4*q - 8, -3*q + 31 = 4*a. Let x(y) = y**2 - 2*y - 3. Determine x(a).
5
Suppose 20 = 4*b - 0*b. Suppose 3*n - b = 8*n, -4*n - 4 = -4*i. Let v(q) = -9 - 4*q**2 - q**3 + q + 0*q**2 + 3*q**2 + 7. Calculate v(i).
-2
Let x(k) = 12*k + 3. Let m = 65 + -67. Give x(m).
-21
Let k(y) = y + 12. Let g(t) = 9 + 0 - 3*t + 2*t - t. Let c be g(7). What is k(c)?
7
Let j(o) = -5*o**2 + o - 4. Let k(d) = 2*d**2 + 5 - 3 + 0*d**2. Suppose 3*a - 5*w - 41 = 0, -5*a + 74 - 19 = -5*w. Let c(p) = a*k(p) + 3*j(p). Determine c(-2).
-8
Let f(j) = -j + 8. Let s(x) = x**3 - 3*x**2 - 2*x - 8. Let a be s(4). Calculate f(a).
8
Let c(f) = f - 1. Let y(l) = -l**3 + 5*l**2 - l - 1. Let p be y(5). Give c(p).
-7
Let j be -1 - 4/(-4 + 3). Let n(k) = 5*k**2 + 0*k**3 - 3 - k + 5*k - 2*k - k**j. Determine n(5).
7
Let m be 15*-1*(-2)/3. Let l = -4 + m. Let z(n) = -n**2 + 5*n**2 - n**3 + 0*n - l*n + 2*n**2. What is z(5)?
-5
Let a = -2 + 4. Let p be a + 2/((-2)/(-2)). Let b = 0 - p. Let l(q) = -q - 5. What is l(b)?
-1
Let p(u) be the first derivative of 2*u**3/3 + u + 33. Suppose 2*v + v + 5*j = 8, -5*v + 10 = 5*j. Give p(v).
3
Let b(v) be the first derivative of v**2/2 + v + 2. Let t be b(4). Let m(r) = -r + 3. Calculate m(t).
-2
Let q be 4/(-10) + (-30)/(-75). Let m(n) be the third derivative of n**2 - 1/3*n**3 + q*n + 1/120*n**6 - 1/8*n**4 + 0 + 1/60*n**5. Determine m(-2).
0
Let a(x) = x**3 - x**2 - 6. Let l be a(0). Let j(t) = t**2 + 6*t - 4. Give j(l).
-4
Let p(s) be the second derivative of s**5/20 + s**4/2 + 5*s**3/6 - s**2 - 9*s. Suppose -2*n - 4 = 3*a, 2*a - 4 = -2*a - 5*n. What is p(a)?
10
Let o(m) = m**2. Let g(f) = -f**2 - f + 1. Let s(k) = g(k) + 6*o(k). What is s(1)?
5
Suppose 0 = -t - q - 5, -5 = -t + 3*t + q. Let v(j) = t*j - 1 - 3 + 6*j. Calculate v(3).
14
Let v(k) = -3*k**2 + 2*k - 2. Let b(x) = -10*x**2 + 7*x - 6. Let j = -6 + 8. Let t(u) = j*b(u) - 7*v(u). Give t(0).
2
Let d be ((-6)/(-9))/(6/9). Let f(b) = 4*b + 0 - b + d - 3. Suppose -11 - 1 = -4*y. Calculate f(y).
7
Suppose 3*j = 3 + 3. Let a(b) = -3 - 1 - 4*b + 5. Calculate a(j).
-7
Let v(j) = -j**3 - 11*j**2 + 14*j + 23. Let x be v(-12). Let z(s) = 10*s. Determine z(x).
-10
Suppose -2*b = 2*b - 12. Let g(u) = 0*u - 9 + b - u. Suppose 15 = -0*t - 3*t. Calculate g(t).
-1
Let g(z) be the second derivative of z**5/20 - 2*z**4/3 - z**3/3 + 11*z**2/2 + 11*z. Give g(8).
-5
Let p(o) be the first derivative of o**7/210 + o**6/360 - o**5/120 - o**4/24 - 7*o**3/3 - 8. Let l(n) be the third derivative of p(n). Calculate l(-1).
-3
Let k(f) = -f**2 + 2*f + 1. Let z be k(0). Let u(n) = 4*n**3 - 4*n**2 + 4*n + 5. Let v(r) = r**3 - r**2 + r + 1. Let h(s) = u(s) - 5*v(s). Calculate h(z).
-1
Suppose -27*o - 4 = -26*o. Let b(n) = n. What is b(o)?
-4
Let f(t) = t**3 + 5*t**2 + 4*t - 5. Suppose 8*r = 4*r - 16. Give f(r).
-5
Let s(p) = -p**3 - p**3 - p - p**3 - p**2. Determine s(-1).
3
Suppose -f + 6 = 5*g + 5, -2*g = 0. Let d(v) = -v**2 - v. What is d(f)?
-2
Let l = 16 - 10. Let v(k) = -2*k - k - 7 + 5*k. Determine v(l).
5
Let o be (3/(-2))/(3/(-4)). Suppose o*r = -2*t - 2, -5*r + 21 = -2*r - 3*t. Let d(c) = c. Let w(p) = -p**2 + 8*p - 1. Let j(z) = -4*d(z) + w(z). Determine j(r).
2
Let s be 14/(-4)*(5 + -3). Let u = 12 + s. Let g(t) = 2*t - 2. Determine g(u).
8
Suppose -4*j - 15 = -7*j. Let s(f) = -f - 2. Let p be s(-2). Let g(b) = -b - 3*b + p - 3 + b**2. Give g(j).
2
Let d = -41 + 43. Let j(h) = 3*h + 2. Calculate j(d).
8
Let i(r) = -r - 1. Let k be 0 + 15/(-5) - 2. Give i(k).
4
Let m = -11 + 8. Let j(x) = -16*x + 1. Let y(n) = 11*n - 1. Let b(d) = -5*j(d) - 7*y(d). Give b(m).
-7
Let g(b) = -b**2 + 5. Let c(n) = -n**2 - n + 6. Let q(s) = 4*c(s) - 5*g(s). Determine q(6).
11
Suppose -3*n - 3*c - 48 = 0, -4*n = -3*c + 69 - 12. Let u be n/(9/3) - 0. Let f(b) = -b - 4. Give f(u).
1
Let b = -1 - -3. Suppose -x + 2*m = -6, m + m = -b. Let k(s) = -2*s + 3*s - 14 + 9. Give k(x).
-1
Suppose -5*l + 9 = -2*l. Let f(m) = -m - m**2 + 2*m**3 + 2*m**3 - 5*m**l + 0*m**3. Give f(-2).
6
Let u(y) = -4*y + 1. Let r be 232/72 - (-6)/(-27). Let s(w) = -w**3 - 4*w**2 + 6*w + 6. Let g be s(-5). Let d = r - g. Calculate u(d).
-7
Let m(r) be the first derivative of -r**3/3 + 3*r**2 - 3*r + 11. Determine m(7).
-10
Suppose 4*m = 11 + 1. Let w(n) = -2*n**3 - 4*n**m + n**3 + 4*n**2 - 3*n**2. Determine w(-1).
6
Let h(i) be the second derivative of -i**4/12 - 4*i**3/3 + i**2 + 28*i. Give h(-7).
9
Suppose 2*h = h + 2. Suppose 0 = 5*z + 15, -z + 9 = h*v + v. Let r(i) = 2*i - 6. Calculate r(v).
2
Let k(r) = 8*r - 1 - 10*r + 4*r**2 + 2 - 3. Let l(f) = f**2 + 8*f + 9. Let b be l(-7). Give k(b).
10
Let j = -7 + 10. Let u(i) = i**2 + 11*i + 10. Let d be u(-10). Let b(c) = 0*c**2 + 6*c**j + d*c**2 - 2*c + 1. Calculate b(1).
5
Let f(l) = 7*l. Suppose -5*w + 4*q = -60, 2*q - 39 = -3*w - 3. Let n be (0 - -1)/3*w. Let z = -5 + n. What is f(z)?
-7
Let c(r) = -4*r + 5*r**2 - 6 - 3*r + 4*r**2. Let k = 2 - 7. Let b(y) = -9*y**2 + 8*y + 7. Let u(l) = k*b(l) - 6*c(l). Calculate u(-1).
-10
Let n be (0 - 2) + 2*7. Suppose t = -2*t + n. Let v be t + (-1 - -1) - 1. Let y(l) = -l**3 + l**2 + 5*l - 4. Determine y(v).
-7
Let v(h) = -5*h**3 + 7*h**2 + 10*h + 2. Let f(i) = 6*i**3 - 8*i**2 - 11*i - 3. Let y(n) = -4*f(n) - 5*v(n). Let z be y(4). Let m(x) = -x - 14. Determine m(z).
-8
Let x(h) = -10*h**2 + 22*h**2 + h**3 - 7*h**2 - 3 + 3*h. Determine x(-4).
1
Let o(t) = -3*t**3 - 1. Let k be 6 + -6 - (-2 + 1). Give o(k).
-4
Suppose 0 = -3*n - 2*r - 11, 3 - 2 = -r. Let g(c) = -c - 1 + 1 - 2. Give g(n).
1
Let x(m) = -m + 6. Let z be x(-10). Let b(c) = -z*c + c**2 + 9*c - 1 + 6. Determine b(6).
-1
Let v(r) = 2*r - 2. Let h(b) = b**3 + 6*b**2 + 6*b - 2. Let n be h(-5). Let g = n + 5. Determine v(g).
-6
Let l(g) = 3*g - 7. Let s(w) = 1. Let q(x) = 4*x - 13. Let o(z) = q(z) + 6*s(z). Let t(p) = 3*l(p) - 2*o(p). What is t(0)?
-7
Let r(y) = -5*y**2 + 18*y - 25. Let d(x) = x**2 - 4*x + 5. Let b(v) = -11*d(v) - 2*r(v). Let o be 10/2 - (-2)/(-2). Give b(o).
11
Let n(k) be the second derivative of -k**3/6 + 7*k**2 + k. Give n(0).
14
Let d(w) = -w - 3. Let g be d(-3). Let n be 8/36 - 50/(-18). Suppose 0 = -g*z - n*z - 6. Let m(o) = 3*o. Determine m(z).
-6
Let f(g) = 5*g + 12. Let t(h) = 6*h - 6*h + 2*h + 23 + 7*h. Let j(d) = 11*f(d) - 6*t(d). Calculate j(0).
-6
Let b(n) = n**3 - 8*n**2 + 6*n + 9. Let a be b(7). Let w(u) = -7*u + 1. Calculate w(a).
-13
Suppose 0 = 2*q - 6*q - 12. Let l(y) = 23*y**2 + 3*y - 17. Let d(b) = -8*b**2 - b + 6. Let j(g) = 17*d(g) + 6*l(g). Give j(q).
15
Let q(r) = r**3 + r**2 - 2. Let k(o) be the first derivative of -2 + 1/2*o**2 + 2*o. Let m be k(-2